{"id":2318,"date":"2020-02-19T11:53:58","date_gmt":"2020-02-19T11:53:58","guid":{"rendered":"https:\/\/stal.qodeinteractive.com\/?page_id=2318"},"modified":"2022-01-31T11:17:53","modified_gmt":"2022-01-31T11:17:53","slug":"our-clients","status":"publish","type":"page","link":"https:\/\/www.wmetall.at\/?page_id=2318","title":{"rendered":"Referenzen"},"content":{"rendered":"\t\t<div data-elementor-type=\"wp-page\" data-elementor-id=\"2318\" class=\"elementor elementor-2318\">\n\t\t\t\t\t\t\t\t\t<section class=\"elementor-section elementor-top-section elementor-element elementor-element-3545c85 qodef-elementor-content-grid elementor-section-boxed elementor-section-height-default elementor-section-height-default\" data-id=\"3545c85\" data-element_type=\"section\">\n\t\t\t\t\t\t<div class=\"elementor-container elementor-column-gap-default\">\n\t\t\t\t\t<div class=\"elementor-column elementor-col-50 elementor-top-column elementor-element elementor-element-32e705b\" data-id=\"32e705b\" data-element_type=\"column\">\n\t\t\t<div class=\"elementor-widget-wrap elementor-element-populated\">\n\t\t\t\t\t\t\t\t<div class=\"elementor-element elementor-element-a956883 elementor-widget elementor-widget-stal_core_section_title\" data-id=\"a956883\" data-element_type=\"widget\" data-widget_type=\"stal_core_section_title.default\">\n\t\t\t\t<div class=\"elementor-widget-container\">\n\t\t\t<div class=\"qodef-shortcode qodef-m  qodef-section-title qodef-alignment--left  qodef-title-with-tagline\">\n\t\t<div class=\"qodef-m-title-wrap\">\n\t        <h6 class=\"qodef-m-title-tagline\" style=\"color: #BF2B2B\">loyalit\u00e4t<\/h6>\n    \t<h2 class=\"qodef-m-title\" >\n\t\t\t\t\tBei uns gibt es sie - Handschlagqualit\u00e4t f\u00fcr unsere Kunden\t\t\t<\/h2>\n\t\n\t<\/div>\n\t<\/div>\t\t<\/div>\n\t\t\t\t<\/div>\n\t\t\t\t\t<\/div>\n\t\t<\/div>\n\t\t\t\t<div class=\"elementor-column elementor-col-50 elementor-top-column elementor-element elementor-element-47ca105\" data-id=\"47ca105\" data-element_type=\"column\">\n\t\t\t<div class=\"elementor-widget-wrap\">\n\t\t\t\t\t\t\t\t\t<\/div>\n\t\t<\/div>\n\t\t\t\t\t\t\t<\/div>\n\t\t<\/section>\n\t\t\t\t<section class=\"elementor-section elementor-top-section elementor-element elementor-element-ed8a5b8 qodef-elementor-content-grid elementor-section-boxed elementor-section-height-default elementor-section-height-default\" data-id=\"ed8a5b8\" data-element_type=\"section\">\n\t\t\t\t\t\t<div class=\"elementor-container elementor-column-gap-default\">\n\t\t\t\t\t<div class=\"elementor-column elementor-col-100 elementor-top-column elementor-element elementor-element-ab87221\" data-id=\"ab87221\" data-element_type=\"column\">\n\t\t\t<div class=\"elementor-widget-wrap elementor-element-populated\">\n\t\t\t\t\t\t\t\t<div class=\"elementor-element elementor-element-04734a0 elementor-widget elementor-widget-stal_core_clients_list\" data-id=\"04734a0\" data-element_type=\"widget\" data-widget_type=\"stal_core_clients_list.default\">\n\t\t\t\t<div class=\"elementor-widget-container\">\n\t\t\t<div class=\"qodef-shortcode qodef-m home-1 qodef-clients-list qodef-grid qodef-layout--columns  qodef-gutter--normal qodef-col-num--4 qodef-item-layout--image-only qodef-responsive--predefined qodef-hover-animation--fade-in\">\n\t<div class=\"qodef-grid-inner clear\">\n\t\t<span class=\"qodef-e qodef-grid-item\">\n\t<span class=\"qodef-e-inner\">\n\t\t\t<span class=\"qodef-e-image\">\n\t\t\t\t\t<a itemprop=\"url\" href=\"https:\/\/www.micado.at\" target=\"_blank\">\n\t\t\t\t\t\t\t<span class=\"qodef-e-logo\" >\n\t\t\t\t<img width=\"399\" height=\"270\" src=\"https:\/\/www.wmetall.at\/wp-content\/uploads\/2021\/05\/Mikado_Referenz_Grey.png\" class=\"attachment-full size-full\" alt=\"\" loading=\"lazy\" srcset=\"https:\/\/www.wmetall.at\/wp-content\/uploads\/2021\/05\/Mikado_Referenz_Grey.png 399w, https:\/\/www.wmetall.at\/wp-content\/uploads\/2021\/05\/Mikado_Referenz_Grey-300x203.png 300w\" sizes=\"(max-width: 399px) 100vw, 399px\" \/>\t\t\t<\/span>\n\t\t\t\t\t\t\t<span class=\"qodef-e-hover-logo\">\n                <span class=\"qodef-m-split qodef-split--up\" style=\"background-color: #BF2B2B\"><\/span>\n\t\t\t\t<img width=\"399\" height=\"270\" src=\"https:\/\/www.wmetall.at\/wp-content\/uploads\/2021\/05\/Mikado_Referenz_White.png\" class=\"attachment-full size-full\" alt=\"\" loading=\"lazy\" srcset=\"https:\/\/www.wmetall.at\/wp-content\/uploads\/2021\/05\/Mikado_Referenz_White.png 399w, https:\/\/www.wmetall.at\/wp-content\/uploads\/2021\/05\/Mikado_Referenz_White-300x203.png 300w\" sizes=\"(max-width: 399px) 100vw, 399px\" \/>                <span class=\"qodef-m-split qodef-split--down\" style=\"background-color: #BF2B2B\"><\/span>\n\t\t\t<\/span>\n\t\t\t\t\t\t\t<\/a>\n\t\t\t<\/span>\n\t<\/span>\n<\/span><span class=\"qodef-e qodef-grid-item\">\n\t<span class=\"qodef-e-inner\">\n\t\t\t<span class=\"qodef-e-image\">\n\t\t\t\t\t<a itemprop=\"url\" href=\"https:\/\/www.leader-photonics.com\/pages\/de\/home.php\" target=\"_blank\">\n\t\t\t\t\t\t\t<span class=\"qodef-e-logo\" >\n\t\t\t\t<img width=\"399\" height=\"270\" src=\"https:\/\/www.wmetall.at\/wp-content\/uploads\/2021\/05\/Leader_Referenz_Grey.png\" class=\"attachment-full size-full\" alt=\"\" loading=\"lazy\" srcset=\"https:\/\/www.wmetall.at\/wp-content\/uploads\/2021\/05\/Leader_Referenz_Grey.png 399w, https:\/\/www.wmetall.at\/wp-content\/uploads\/2021\/05\/Leader_Referenz_Grey-300x203.png 300w\" sizes=\"(max-width: 399px) 100vw, 399px\" \/>\t\t\t<\/span>\n\t\t\t\t\t\t\t<span class=\"qodef-e-hover-logo\">\n                <span class=\"qodef-m-split qodef-split--up\" style=\"background-color: #BF2B2B\"><\/span>\n\t\t\t\t<img width=\"399\" height=\"270\" src=\"https:\/\/www.wmetall.at\/wp-content\/uploads\/2021\/05\/Leader_Referenz_White.png\" class=\"attachment-full size-full\" alt=\"\" loading=\"lazy\" srcset=\"https:\/\/www.wmetall.at\/wp-content\/uploads\/2021\/05\/Leader_Referenz_White.png 399w, https:\/\/www.wmetall.at\/wp-content\/uploads\/2021\/05\/Leader_Referenz_White-300x203.png 300w\" sizes=\"(max-width: 399px) 100vw, 399px\" \/>                <span class=\"qodef-m-split qodef-split--down\" style=\"background-color: #BF2B2B\"><\/span>\n\t\t\t<\/span>\n\t\t\t\t\t\t\t<\/a>\n\t\t\t<\/span>\n\t<\/span>\n<\/span><span class=\"qodef-e qodef-grid-item\">\n\t<span class=\"qodef-e-inner\">\n\t\t\t<span class=\"qodef-e-image\">\n\t\t\t\t\t<a itemprop=\"url\" href=\"https:\/\/in-vision.at\" target=\"_blank\">\n\t\t\t\t\t\t\t<span class=\"qodef-e-logo\" >\n\t\t\t\t<img width=\"399\" height=\"270\" src=\"https:\/\/www.wmetall.at\/wp-content\/uploads\/2021\/05\/Invision_Referenz_Grey.png\" class=\"attachment-full size-full\" alt=\"\" loading=\"lazy\" srcset=\"https:\/\/www.wmetall.at\/wp-content\/uploads\/2021\/05\/Invision_Referenz_Grey.png 399w, https:\/\/www.wmetall.at\/wp-content\/uploads\/2021\/05\/Invision_Referenz_Grey-300x203.png 300w\" sizes=\"(max-width: 399px) 100vw, 399px\" \/>\t\t\t<\/span>\n\t\t\t\t\t\t\t<span class=\"qodef-e-hover-logo\">\n                <span class=\"qodef-m-split qodef-split--up\" style=\"background-color: #BF2B2B\"><\/span>\n\t\t\t\t<img width=\"399\" height=\"270\" src=\"https:\/\/www.wmetall.at\/wp-content\/uploads\/2021\/05\/Invision_Referenz_White.png\" class=\"attachment-full size-full\" alt=\"\" loading=\"lazy\" srcset=\"https:\/\/www.wmetall.at\/wp-content\/uploads\/2021\/05\/Invision_Referenz_White.png 399w, https:\/\/www.wmetall.at\/wp-content\/uploads\/2021\/05\/Invision_Referenz_White-300x203.png 300w\" sizes=\"(max-width: 399px) 100vw, 399px\" \/>                <span class=\"qodef-m-split qodef-split--down\" style=\"background-color: #BF2B2B\"><\/span>\n\t\t\t<\/span>\n\t\t\t\t\t\t\t<\/a>\n\t\t\t<\/span>\n\t<\/span>\n<\/span><span class=\"qodef-e qodef-grid-item\">\n\t<span class=\"qodef-e-inner\">\n\t\t\t<span class=\"qodef-e-image\">\n\t\t\t\t\t<a itemprop=\"url\" href=\"https:\/\/austrian.audio\" target=\"_blank\">\n\t\t\t\t\t\t\t<span class=\"qodef-e-logo\" >\n\t\t\t\t<img width=\"399\" height=\"270\" src=\"https:\/\/www.wmetall.at\/wp-content\/uploads\/2021\/05\/AustrianAudio_Referenz_Grey.png\" class=\"attachment-full size-full\" alt=\"\" loading=\"lazy\" srcset=\"https:\/\/www.wmetall.at\/wp-content\/uploads\/2021\/05\/AustrianAudio_Referenz_Grey.png 399w, https:\/\/www.wmetall.at\/wp-content\/uploads\/2021\/05\/AustrianAudio_Referenz_Grey-300x203.png 300w\" sizes=\"(max-width: 399px) 100vw, 399px\" \/>\t\t\t<\/span>\n\t\t\t\t\t\t\t<span class=\"qodef-e-hover-logo\">\n                <span class=\"qodef-m-split qodef-split--up\" style=\"background-color: #BF2B2B\"><\/span>\n\t\t\t\t<img width=\"399\" height=\"270\" src=\"https:\/\/www.wmetall.at\/wp-content\/uploads\/2021\/05\/AustrianAudio_Referenz_White.png\" class=\"attachment-full size-full\" alt=\"\" loading=\"lazy\" srcset=\"https:\/\/www.wmetall.at\/wp-content\/uploads\/2021\/05\/AustrianAudio_Referenz_White.png 399w, https:\/\/www.wmetall.at\/wp-content\/uploads\/2021\/05\/AustrianAudio_Referenz_White-300x203.png 300w\" sizes=\"(max-width: 399px) 100vw, 399px\" \/>                <span class=\"qodef-m-split qodef-split--down\" style=\"background-color: #BF2B2B\"><\/span>\n\t\t\t<\/span>\n\t\t\t\t\t\t\t<\/a>\n\t\t\t<\/span>\n\t<\/span>\n<\/span><span class=\"qodef-e qodef-grid-item\">\n\t<span class=\"qodef-e-inner\">\n\t\t\t<span class=\"qodef-e-image\">\n\t\t\t\t\t<a itemprop=\"url\" href=\"https:\/\/www.ait.ac.at\" target=\"_blank\">\n\t\t\t\t\t\t\t<span class=\"qodef-e-logo\" >\n\t\t\t\t<img width=\"399\" height=\"270\" src=\"https:\/\/www.wmetall.at\/wp-content\/uploads\/2021\/05\/AIT_Referenz_Grey.png\" class=\"attachment-full size-full\" alt=\"\" loading=\"lazy\" srcset=\"https:\/\/www.wmetall.at\/wp-content\/uploads\/2021\/05\/AIT_Referenz_Grey.png 399w, https:\/\/www.wmetall.at\/wp-content\/uploads\/2021\/05\/AIT_Referenz_Grey-300x203.png 300w\" sizes=\"(max-width: 399px) 100vw, 399px\" \/>\t\t\t<\/span>\n\t\t\t\t\t\t\t<span class=\"qodef-e-hover-logo\">\n                <span class=\"qodef-m-split qodef-split--up\" style=\"background-color: #BF2B2B\"><\/span>\n\t\t\t\t<img width=\"399\" height=\"270\" src=\"https:\/\/www.wmetall.at\/wp-content\/uploads\/2021\/05\/Kostad_Referenz_White.png\" class=\"attachment-full size-full\" alt=\"\" loading=\"lazy\" srcset=\"https:\/\/www.wmetall.at\/wp-content\/uploads\/2021\/05\/Kostad_Referenz_White.png 399w, https:\/\/www.wmetall.at\/wp-content\/uploads\/2021\/05\/Kostad_Referenz_White-300x203.png 300w\" sizes=\"(max-width: 399px) 100vw, 399px\" \/>                <span class=\"qodef-m-split qodef-split--down\" style=\"background-color: #BF2B2B\"><\/span>\n\t\t\t<\/span>\n\t\t\t\t\t\t\t<\/a>\n\t\t\t<\/span>\n\t<\/span>\n<\/span><span class=\"qodef-e qodef-grid-item\">\n\t<span class=\"qodef-e-inner\">\n\t\t\t<span class=\"qodef-e-image\">\n\t\t\t\t\t<a itemprop=\"url\" href=\"https:\/\/www.ruag.com\/en\" target=\"_blank\">\n\t\t\t\t\t\t\t<span class=\"qodef-e-logo\" >\n\t\t\t\t<img width=\"399\" height=\"270\" src=\"https:\/\/www.wmetall.at\/wp-content\/uploads\/2021\/05\/RUAG_Referenz_Grey.png\" class=\"attachment-full size-full\" alt=\"\" loading=\"lazy\" srcset=\"https:\/\/www.wmetall.at\/wp-content\/uploads\/2021\/05\/RUAG_Referenz_Grey.png 399w, https:\/\/www.wmetall.at\/wp-content\/uploads\/2021\/05\/RUAG_Referenz_Grey-300x203.png 300w\" sizes=\"(max-width: 399px) 100vw, 399px\" \/>\t\t\t<\/span>\n\t\t\t\t\t\t\t<span class=\"qodef-e-hover-logo\">\n                <span class=\"qodef-m-split qodef-split--up\" style=\"background-color: #BF2B2B\"><\/span>\n\t\t\t\t<img width=\"399\" height=\"270\" src=\"https:\/\/www.wmetall.at\/wp-content\/uploads\/2021\/05\/RUAG_Referenz_White.png\" class=\"attachment-full size-full\" alt=\"\" loading=\"lazy\" srcset=\"https:\/\/www.wmetall.at\/wp-content\/uploads\/2021\/05\/RUAG_Referenz_White.png 399w, https:\/\/www.wmetall.at\/wp-content\/uploads\/2021\/05\/RUAG_Referenz_White-300x203.png 300w\" sizes=\"(max-width: 399px) 100vw, 399px\" \/>                <span class=\"qodef-m-split qodef-split--down\" style=\"background-color: #BF2B2B\"><\/span>\n\t\t\t<\/span>\n\t\t\t\t\t\t\t<\/a>\n\t\t\t<\/span>\n\t<\/span>\n<\/span><span class=\"qodef-e qodef-grid-item\">\n\t<span class=\"qodef-e-inner\">\n\t\t\t<span class=\"qodef-e-image\">\n\t\t\t\t\t\t\t<span class=\"qodef-e-logo\" >\n\t\t\t\t<img width=\"399\" height=\"270\" src=\"https:\/\/www.wmetall.at\/wp-content\/uploads\/2020\/02\/SDACIT_Referenz_Grey.png\" class=\"attachment-full size-full\" alt=\"\" loading=\"lazy\" srcset=\"https:\/\/www.wmetall.at\/wp-content\/uploads\/2020\/02\/SDACIT_Referenz_Grey.png 399w, https:\/\/www.wmetall.at\/wp-content\/uploads\/2020\/02\/SDACIT_Referenz_Grey-300x203.png 300w\" sizes=\"(max-width: 399px) 100vw, 399px\" \/>\t\t\t<\/span>\n\t\t\t\t\t\t\t<span class=\"qodef-e-hover-logo\">\n                <span class=\"qodef-m-split qodef-split--up\" style=\"background-color: #BF2B2B\"><\/span>\n\t\t\t\t<img width=\"399\" height=\"270\" src=\"https:\/\/www.wmetall.at\/wp-content\/uploads\/2020\/02\/SDACIT_Referenz_White.png\" class=\"attachment-full size-full\" alt=\"\" loading=\"lazy\" srcset=\"https:\/\/www.wmetall.at\/wp-content\/uploads\/2020\/02\/SDACIT_Referenz_White.png 399w, https:\/\/www.wmetall.at\/wp-content\/uploads\/2020\/02\/SDACIT_Referenz_White-300x203.png 300w\" sizes=\"(max-width: 399px) 100vw, 399px\" \/>                <span class=\"qodef-m-split qodef-split--down\" style=\"background-color: #BF2B2B\"><\/span>\n\t\t\t<\/span>\n\t\t\t\t\t<\/span>\n\t<\/span>\n<\/span><span class=\"qodef-e qodef-grid-item\">\n\t<span class=\"qodef-e-inner\">\n\t\t\t<span class=\"qodef-e-image\">\n\t\t\t\t\t<a itemprop=\"url\" href=\"http:\/\/www.kostad.at\" target=\"_blank\">\n\t\t\t\t\t\t\t<span class=\"qodef-e-logo\" >\n\t\t\t\t<img width=\"399\" height=\"270\" src=\"https:\/\/www.wmetall.at\/wp-content\/uploads\/2020\/02\/Kostad_Referenz_Grey.png\" class=\"attachment-full size-full\" alt=\"\" loading=\"lazy\" srcset=\"https:\/\/www.wmetall.at\/wp-content\/uploads\/2020\/02\/Kostad_Referenz_Grey.png 399w, https:\/\/www.wmetall.at\/wp-content\/uploads\/2020\/02\/Kostad_Referenz_Grey-300x203.png 300w\" sizes=\"(max-width: 399px) 100vw, 399px\" \/>\t\t\t<\/span>\n\t\t\t\t\t\t\t<span class=\"qodef-e-hover-logo\">\n                <span class=\"qodef-m-split qodef-split--up\" style=\"background-color: #BF2B2B\"><\/span>\n\t\t\t\t<img width=\"399\" height=\"270\" src=\"https:\/\/www.wmetall.at\/wp-content\/uploads\/2020\/02\/Kostad_Referenz_weiss.png\" class=\"attachment-full size-full\" alt=\"\" loading=\"lazy\" srcset=\"https:\/\/www.wmetall.at\/wp-content\/uploads\/2020\/02\/Kostad_Referenz_weiss.png 399w, https:\/\/www.wmetall.at\/wp-content\/uploads\/2020\/02\/Kostad_Referenz_weiss-300x203.png 300w\" sizes=\"(max-width: 399px) 100vw, 399px\" \/>                <span class=\"qodef-m-split qodef-split--down\" style=\"background-color: #BF2B2B\"><\/span>\n\t\t\t<\/span>\n\t\t\t\t\t\t\t<\/a>\n\t\t\t<\/span>\n\t<\/span>\n<\/span>\t<\/div>\n<\/div>\t\t<\/div>\n\t\t\t\t<\/div>\n\t\t\t\t\t<\/div>\n\t\t<\/div>\n\t\t\t\t\t\t\t<\/div>\n\t\t<\/section>\n\t\t\t\t\t\t\t<\/div>\n\t\t","protected":false},"excerpt":{"rendered":"<p>loyalit\u00e4t Bei uns gibt es sie &#8211; Handschlagqualit\u00e4t f\u00fcr unsere Kunden<\/p>\n","protected":false},"author":1,"featured_media":0,"parent":0,"menu_order":0,"comment_status":"closed","ping_status":"closed","template":"page-full-width.php","meta":[],"_links":{"self":[{"href":"https:\/\/www.wmetall.at\/index.php?rest_route=\/wp\/v2\/pages\/2318"}],"collection":[{"href":"https:\/\/www.wmetall.at\/index.php?rest_route=\/wp\/v2\/pages"}],"about":[{"href":"https:\/\/www.wmetall.at\/index.php?rest_route=\/wp\/v2\/types\/page"}],"author":[{"embeddable":true,"href":"https:\/\/www.wmetall.at\/index.php?rest_route=\/wp\/v2\/users\/1"}],"replies":[{"embeddable":true,"href":"https:\/\/www.wmetall.at\/index.php?rest_route=%2Fwp%2Fv2%2Fcomments&post=2318"}],"version-history":[{"count":23,"href":"https:\/\/www.wmetall.at\/index.php?rest_route=\/wp\/v2\/pages\/2318\/revisions"}],"predecessor-version":[{"id":5946,"href":"https:\/\/www.wmetall.at\/index.php?rest_route=\/wp\/v2\/pages\/2318\/revisions\/5946"}],"wp:attachment":[{"href":"https:\/\/www.wmetall.at\/index.php?rest_route=%2Fwp%2Fv2%2Fmedia&parent=2318"}],"curies":[{"name":"wp","href":"https:\/\/api.w.org\/{rel}","templated":true}]}}