{"id":6040,"date":"2022-07-06T09:25:34","date_gmt":"2022-07-06T09:25:34","guid":{"rendered":"http:\/\/www.wmetall.at\/?page_id=6040"},"modified":"2022-07-06T10:53:34","modified_gmt":"2022-07-06T10:53:34","slug":"cnc-drehen-3","status":"publish","type":"page","link":"https:\/\/www.wmetall.at\/?page_id=6040","title":{"rendered":"Flachschleifen"},"content":{"rendered":"\t\t<div data-elementor-type=\"wp-page\" data-elementor-id=\"6040\" class=\"elementor elementor-6040\">\n\t\t\t\t\t\t\t\t\t<section class=\"elementor-section elementor-top-section elementor-element elementor-element-67649dff elementor-section-boxed elementor-section-height-default elementor-section-height-default qodef-elementor-content-no\" data-id=\"67649dff\" data-element_type=\"section\">\n\t\t\t\t\t\t<div class=\"elementor-container elementor-column-gap-default\">\n\t\t\t\t\t<div class=\"elementor-column elementor-col-100 elementor-top-column elementor-element elementor-element-257874c8\" data-id=\"257874c8\" data-element_type=\"column\">\n\t\t\t<div class=\"elementor-widget-wrap elementor-element-populated\">\n\t\t\t\t\t\t\t\t<div class=\"elementor-element elementor-element-b87214b elementor-widget elementor-widget-stal_core_section_title\" data-id=\"b87214b\" data-element_type=\"widget\" data-widget_type=\"stal_core_section_title.default\">\n\t\t\t\t<div class=\"elementor-widget-container\">\n\t\t\t<div class=\"qodef-shortcode qodef-m  qodef-section-title qodef-alignment--left  qodef-title-with-tagline\">\n\t\t<div class=\"qodef-m-title-wrap\">\n\t        <h6 class=\"qodef-m-title-tagline\" style=\"color: #BF2B2B\">WMETALL<\/h6>\n    \t<h2 class=\"qodef-m-title\" >\n\t\t\t\t\tFLACHSCHLEIFEN - WMETALL\t\t\t<\/h2>\n\t\n\t<\/div>\n\t\t<p class=\"qodef-m-text\" style=\"font-size: 19px;line-height: 30px\">Dieses Verfahren dient der Herstellung planer Fl\u00e4chen und erfolgt in den Verfahrensvarianten Planumfangs-L\u00e4ngsschleifen, Planumfangs-Querschleifen und dem L\u00e4ngs-Seiten-Planschleifen.So k\u00f6nnen selbst die h\u00e4rtesten Materialien wie Hartmetall oder Keramik sicher und mit hohen Ma\u00df- und Formgenauigkeiten sowie einer optimalen Oberfl\u00e4chenrauheit wirtschaftlich bearbeitet werden, weshalb das Schleifen zu einer unverzichtbaren Basistechnologie vieler Fertigungsprozesse geworden ist.<\/p>\n<\/div>\t\t<\/div>\n\t\t\t\t<\/div>\n\t\t\t\t\t<\/div>\n\t\t<\/div>\n\t\t\t\t\t\t\t<\/div>\n\t\t<\/section>\n\t\t\t\t<section class=\"elementor-section elementor-top-section elementor-element elementor-element-c1f0cdd elementor-section-boxed elementor-section-height-default elementor-section-height-default qodef-elementor-content-no\" data-id=\"c1f0cdd\" data-element_type=\"section\">\n\t\t\t\t\t\t<div class=\"elementor-container elementor-column-gap-default\">\n\t\t\t\t\t<div class=\"elementor-column elementor-col-100 elementor-top-column elementor-element elementor-element-a41e82b\" data-id=\"a41e82b\" data-element_type=\"column\">\n\t\t\t<div class=\"elementor-widget-wrap elementor-element-populated\">\n\t\t\t\t\t\t\t\t<div class=\"elementor-element elementor-element-9f2442e elementor-widget elementor-widget-text-editor\" data-id=\"9f2442e\" data-element_type=\"widget\" data-widget_type=\"text-editor.default\">\n\t\t\t\t<div class=\"elementor-widget-container\">\n\t\t\t\t\t\t\t<p class=\"p1\">Maschine: PORTH<br \/>Schleifverfahren: MANUELLE FLACHSCHLEICHMASCHINE<br \/>Aufspannfl\u00e4che: 600x400mm<\/p>\t\t\t\t\t\t<\/div>\n\t\t\t\t<\/div>\n\t\t\t\t\t<\/div>\n\t\t<\/div>\n\t\t\t\t\t\t\t<\/div>\n\t\t<\/section>\n\t\t\t\t\t\t\t<\/div>\n\t\t","protected":false},"excerpt":{"rendered":"<p>WMETALL FLACHSCHLEIFEN &#8211; WMETALL Dieses Verfahren dient der Herstellung planer Fl\u00e4chen und erfolgt in den Verfahrensvarianten Planumfangs-L\u00e4ngsschleifen, Planumfangs-Querschleifen und dem L\u00e4ngs-Seiten-Planschleifen.So k\u00f6nnen selbst die h\u00e4rtesten Materialien wie Hartmetall oder Keramik sicher und mit hohen Ma\u00df- und Formgenauigkeiten sowie einer optimalen Oberfl\u00e4chenrauheit wirtschaftlich bearbeitet werden, weshalb das Schleifen zu einer unverzichtbaren Basistechnologie vieler Fertigungsprozesse geworden ist. [&hellip;]<\/p>\n","protected":false},"author":1,"featured_media":0,"parent":0,"menu_order":0,"comment_status":"closed","ping_status":"closed","template":"","meta":[],"_links":{"self":[{"href":"https:\/\/www.wmetall.at\/index.php?rest_route=\/wp\/v2\/pages\/6040"}],"collection":[{"href":"https:\/\/www.wmetall.at\/index.php?rest_route=\/wp\/v2\/pages"}],"about":[{"href":"https:\/\/www.wmetall.at\/index.php?rest_route=\/wp\/v2\/types\/page"}],"author":[{"embeddable":true,"href":"https:\/\/www.wmetall.at\/index.php?rest_route=\/wp\/v2\/users\/1"}],"replies":[{"embeddable":true,"href":"https:\/\/www.wmetall.at\/index.php?rest_route=%2Fwp%2Fv2%2Fcomments&post=6040"}],"version-history":[{"count":7,"href":"https:\/\/www.wmetall.at\/index.php?rest_route=\/wp\/v2\/pages\/6040\/revisions"}],"predecessor-version":[{"id":6092,"href":"https:\/\/www.wmetall.at\/index.php?rest_route=\/wp\/v2\/pages\/6040\/revisions\/6092"}],"wp:attachment":[{"href":"https:\/\/www.wmetall.at\/index.php?rest_route=%2Fwp%2Fv2%2Fmedia&parent=6040"}],"curies":[{"name":"wp","href":"https:\/\/api.w.org\/{rel}","templated":true}]}}